s digit of x?
3
Let f(a) = 4*a**2 - 17*a - 33. What is the tens digit of f(-13)?
6
Let h(d) = d**2 - 5. Suppose g = 4*m + 8, -3*g = -m + 5*m - 24. Suppose -9*z = -g*z + 6. What is the units digit of h(z)?
1
Let k be 4/(-10) - ((-32)/5 - -3). What is the units digit of (-3)/9 + 199*1/k?
6
Suppose l = -4*q + 4660, 0*q + 3*l - 1154 = -q. What is the units digit of q?
6
Let m(x) = -17*x + 3. Let i be m(3). What is the units digit of (2/(-8))/(4/i)?
3
Let s(g) = -2*g + 16. Let l be s(0). Let c = -88 + l. Let f = c + 121. What is the tens digit of f?
4
Suppose 0 = 4*v - 3*t + 7, 2*t - 31 = -3*v - 3*t. Suppose v*y = -52 + 84. What is the units digit of y?
6
Suppose -y - 1 = -25. Let d = -20 + y. Suppose d*t - 2*k - 236 = 0, -301 = -2*t - 3*t + k. What is the tens digit of t?
6
What is the tens digit of 10 + -5 - 2 - -137?
4
What is the hundreds digit of ((-11496)/(-18))/4 - (-2)/6?
1
Let q be (-2 - 0 - -5) + 2. Suppose -23 = -q*t - 4*c - 0*c, 5 = -t + 4*c. Suppose -2*p = t*p - 10, 3*s = p + 7. What is the units digit of s?
3
Let d(i) = 40*i**2 - 11*i - 26*i**2 - i**3 + 12*i - 27*i - 10. What is the units digit of d(11)?
7
Let n be -1 + 3/(1 - -2). Let v(u) = -2*u. Let l be v(n). Suppose l*a = -3*a + 57. What is the units digit of a?
9
Suppose 0 = 3*j - u - 1623, 16*u - 2712 = -5*j + 20*u. What is the units digit of j?
0
Let b be (6/4)/(2/4). What is the units digit of (-200)/15*(0 - b)?
0
Suppose 0 = -5*z + 5*a + 2040, -334 = 3*z + 5*a - 1558. Suppose -z = -110*h + 108*h. What is the hundreds digit of h?
2
Let k(h) = 2*h**2 + 24*h - 139. What is the units digit of k(16)?
7
Suppose -4*q + 5*r = -651, r = -3*q - 3*r + 465. Suppose -z + 134 = o, 0 = 2*z - 3*z + 4*o + q. What is the tens digit of z?
3
Let c be 14/2 + -1*1. Suppose 3*o = -2*b - 0*o - 11, -2*b - 5*o = 13. What is the units digit of 3 - c - b - 0?
1
Let z be (-8)/(((-4)/11)/((-8)/(-4))). What is the units digit of (z/5)/((-4)/(-40))?
8
Suppose 0 = -6*j + 282 + 666. Suppose 0 = -0*d - 2*d + j. What is the units digit of d?
9
Let x = -162 - -221. What is the tens digit of x?
5
Let s(b) = 33*b**2 + b - 1. Let f be s(1). Suppose f = x - 57. What is the tens digit of x?
9
Suppose -4*v - 3 = -5*v. Let f be v - (-1 - (2 - 3)). Suppose f*r + 1 = 13. What is the units digit of r?
4
Suppose -v + 5*z - 150 = -6*v, v - z - 28 = 0. Let f(r) = 5*r**2 - r + 3. Let x be f(-3). Let d = x - v. What is the tens digit of d?
2
Suppose -44*o + 14620 = -o. What is the tens digit of o?
4
Suppose -4*q - 5*u = -0*u - 135, 4*u + 18 = q. What is the tens digit of q?
3
Let h(s) = -s - 1. Let y be h(-4). Suppose y*g + 0*g = 3*t, -2*t = -4*g. Suppose -2*w - n - 2*n + 21 = g, -3*w + 30 = 5*n. What is the units digit of w?
5
What is the units digit of (2 + (-16)/(-3))/((-5)/(-1185))?
8
Let m(a) = a**3 - 9*a**2 - 12*a + 21. Let w be m(10). Suppose -2*d = y - 3*d - w, d + 1 = 4*y. Let l(z) = z**2 + z + 40. What is the tens digit of l(y)?
4
Let j(t) = 18 - 14*t - t**2 - t**2 + t**2 + 0*t**2. Let a be j(-8). Let l = 124 - a. What is the tens digit of l?
5
Let z(d) be the first derivative of d**5/60 + d**3 + d**2 - 2. Let b(n) be the second derivative of z(n). What is the units digit of b(0)?
6
What is the units digit of (10/(-4))/(1/(-386))?
5
Let r(u) = u**2 + 8*u - 9. Let y be r(-9). Let n(b) = 1 - 6 + y*b + 4*b - 4. What is the units digit of n(8)?
3
Let n(t) = 194*t - 33. What is the tens digit of n(6)?
3
What is the units digit of (-6128 + -12)*(0 + (-6)/8)?
5
Let w = 10 + -16. Let i(o) = -o**2 - 9*o - 8. Let n be i(w). Suppose 5*l + n = -5*p, 0 = 3*l + 3*p - 7*p - 15. What is the units digit of l?
1
Let o(r) = 21*r**2 - 25*r - 217. What is the hundreds digit of o(-10)?
1
Suppose -47*s - 288 = -55*s. What is the units digit of s?
6
Let n = -10 + 76. Let h = n - 35. What is the units digit of h?
1
What is the hundreds digit of (6/(-4))/(117/(-126594))?
6
Let c be -2 - (-1)/((-3)/(-12)). Suppose c*j - 6*j + 16 = 0. Suppose -2*b - 28 = -j*b. What is the tens digit of b?
1
Let k = -71 - -33. Let j = k - -174. What is the tens digit of j?
3
Let w(y) = -y + 29. Let n be w(-7). What is the tens digit of (-9)/(n/16) + 73?
6
Suppose -8 = -5*j + 7. Suppose 6*p - j*p - 229 = 2*h, -4*h = 20. What is the units digit of p?
3
Suppose 4*j = -4*a + 20, 8*a = 4*a + 2*j + 8. Suppose 78 = v + a*v + i, -4*i = 5*v - 103. What is the tens digit of v?
1
Let g(n) = 11*n - 2. Suppose 4*w = -w + 5. Let z be g(w). Let i(o) = -o**2 + 11*o - 6. What is the tens digit of i(z)?
1
Suppose -2*u - 5*m = -603, 5*u + 0*m + 2*m - 1560 = 0. What is the tens digit of u?
1
Suppose -6*s + 2*s = -5*f + 23, 0 = -s - 3*f - 10. Let g(x) = 3*x**2 - 2*x - 2. What is the units digit of g(s)?
9
Suppose 0 = -11*c + 993 + 1427. What is the hundreds digit of c?
2
Suppose 120 = 3*w - 4*r, -6*w + 2*w = -3*r - 153. What is the units digit of w?
6
What is the hundreds digit of 20/(-5)*-29 + 3?
1
Let u(a) = 9*a + 357. What is the tens digit of u(-18)?
9
Let c(h) = -h**2 + 6*h + 9. Let o be c(7). Suppose 4*r - 12 = 0, -x - o*r = -4*r - 10. What is the units digit of x?
6
What is the hundreds digit of 1 + 209 - (-168)/28?
2
Let f(o) = o**3 + 6*o**2 - 5*o + 10. Let z be f(-5). Suppose -3*d + 70 = g - 6*d, g - 5*d - z = 0. What is the tens digit of g?
8
Let n be ((-2 + 32)/3)/1. Let k = -6 + n. What is the units digit of k/14 - (-5)/7?
1
Suppose 2*j - 761 = -755. What is the units digit of j?
3
Let m be (2/(-3))/((-6)/45). Suppose -2*f + v + 19 = -9, 0 = -m*f + 4*v + 76. What is the units digit of f?
2
What is the thousands digit of (116 - -2368) + 4 + -1?
2
Suppose 15*n + 2 = 14*n. What is the units digit of 58 + 2 + n + -1?
7
Let r(w) = -w**2 + 3*w + 2. Let c be r(2). Suppose c*n = 3*m + 54, 3*n - 59 = -m - 12. What is the units digit of n?
5
Suppose 3*h + 5*d = 17, -2*h + 3*d + 11 = 6*d. Suppose -2*z = -3*z - r + 64, h*z = -5*r + 254. What is the tens digit of z?
6
Let k = 5421 + -2408. What is the tens digit of k?
1
Suppose -2*y + 23990 = -19*c + 24*c, -3*c + 14394 = y. What is the hundreds digit of c?
7
Let h(q) = -160*q + 337. What is the hundreds digit of h(-8)?
6
Suppose -2*g + 4515 = 5*d, 0 = 4*d + 5*g - 2*g - 3619. What is the units digit of d?
1
Suppose 0 = 16*y - 45*y + 9570. What is the hundreds digit of y?
3
Suppose 0 = -12*i + 439 + 4505. What is the hundreds digit of i?
4
Let w be 0/(1 + -1 - -2). Suppose -5*x - 21 = -5*z - 61, 4*x + 5*z = 14. Suppose -x*b + 2*b + 36 = w. What is the units digit of b?
9
Let p(f) be the second derivative of 5/2*f**2 + 1/12*f**4 + 0 + 5/6*f**3 + 8*f. What is the units digit of p(-6)?
1
Suppose -3*f = 3*f. Suppose 0 = 5*b - 4*b - 4. Suppose 7*x - b*x - 120 = f. What is the tens digit of x?
4
Suppose 6 + 10 = -2*j. What is the tens digit of (-486)/(-8) + 2 + 14/j?
6
Suppose -22*t + 2*q = -24*t + 2878, -4*q - 5764 = -4*t. What is the thousands digit of t?
1
Suppose -5474 = -2*z + 4*y, z - 2*y - 2732 = y. What is the hundreds digit of z?
7
Let n be 15/(-40) + (-15)/24. Let v be (23/(-2))/(n/4). Suppose -z + 0*z + v = 0. What is the tens digit of z?
4
Let p = 25 + -23. Let o be p/(-1*4/16). What is the units digit of ((-10)/4)/(o/16)?
5
What is the hundreds digit of (-79544)/(-183)*(-6)/(-4)?
6
Suppose -6*f = -f - 45. Let g = 136 - 73. Suppose -f*n + 6*n + g = 0. What is the units digit of n?
1
Let g(m) = -m**2 - 166. Let w be g(0). Let k = -111 - w. What is the units digit of k?
5
Let z(k) = 11*k - 17. Let a be z(2). Suppose 162 = -0*h + 2*h + 3*m, -a*m + 154 = 2*h. What is the tens digit of h?
8
Let i(p) = p**3 + 3*p**2 - 9*p + 5. Let u(d) = -d**2 - 1. Let r(m) = -i(m) - 5*u(m). What is the tens digit of r(-5)?
3
What is the tens digit of 923 - (-11 + -2) - (-3 + 1)?
3
Let k be (-21)/(-35) + 14/10 + -1. Let t(y) = 87*y**2 - y + 2. What is the units digit of t(k)?
8
Let j = -85 + 236. Let k be j - (0 - (2 - 0)). What is the units digit of 3/(-2) + k/6?
4
Let g(b) = -3*b**2 - 30*b - 2. What is the tens digit of g(-5)?
7
Suppose 0 = 6*w + 76*w - 109388. What is the tens digit of w?
3
Suppose -56 = -4*d + 224. Let i = 256 - d. What is the tens digit of i?
8
Suppose -13*f + 8*f + 20 = 0, -4*f + 1167 = l. What is the units digit of l?
1
Let h(a) = 3*a**2 + 4*a - 1. Let f be h(4). Let s = 92 - f. What is the tens digit of s?
2
Let q(x) = x*